 y(m) = -m**3 - 5*m**2 + 2*m - 8. Let i be y(b). What is the greatest common divisor of 112 and i?
16
Let n(p) = -p**2 + 11*p. Let r be n(10). Calculate the greatest common factor of r and 70.
10
Let b be 0 - 0 - (-1 - 63). Suppose 26*d - 368 = 3*d. What is the highest common factor of d and b?
16
Let v be (12 - 10)/(2*1). Suppose -3*l + 15 = 0, -c - 3*l = -2*c - v. Calculate the greatest common divisor of 7 and c.
7
Suppose -2*q + p + 64 = 0, 3*q + 2*p = -2*q + 160. Calculate the highest common factor of 352 and q.
32
Suppose -2*m + 48 = 2*m. Calculate the greatest common factor of m and 3.
3
Suppose q - 5*q + 64 = 0. Suppose a = 3*b + 3*a - 7, -b - 2*a = -1. Suppose 288 = b*o - o. What is the greatest common factor of q and o?
16
Suppose 4 = i + 2*u - 6, i - u - 16 = 0. Let v be ((-6)/7)/((-2)/i). Let k be (-3)/(-3)*12/1. Calculate the highest common factor of k and v.
6
Let x be (-2)/10 - 723/(-15). What is the greatest common divisor of x and 120?
24
Let p = 426 + -201. What is the greatest common divisor of p and 25?
25
Let p(y) = 44*y - 5. Let k be p(5). Suppose 8*a - 571 = -3. Let o = k - a. Calculate the greatest common factor of 18 and o.
18
Let t = -36 - -62. What is the highest common divisor of t and 208?
26
Let k(u) = -u**2 + u + 1. Let d(i) = 2*i**2 - 2*i - 22. Let m(r) = -d(r) - 3*k(r). Let s be m(0). Calculate the highest common factor of s and 57.
19
Let b be (-18)/4*8/(-6). Let z(i) = -i**3 + 7*i**2 + 6*i + 6. Let y be z(b). What is the highest common divisor of 13 and y?
13
Let t(l) = l**3 - 9*l**2 + 8*l + 1. Let u be t(8). Let i(w) = w**3 + 7*w**2 + 2. Let m be i(-7). What is the highest common divisor of u and m?
1
Let v = -62 + 188. Suppose 3*l + 16 = 2*j, -7 = 5*j - 5*l - 57. What is the highest common factor of j and v?
14
Suppose -192 = -3*p - h - 28, -5*h + 148 = 3*p. Let m = -5 + 5. Let r(d) = -d**2 + d + 8. Let w be r(m). What is the highest common factor of p and w?
8
Suppose 0 = -2*w - 2*n + 32, -w + 4 = -5*n - 0. Calculate the highest common divisor of 14 and w.
14
Let z(b) = -3*b**2 + 7*b - 6. Let j be z(4). Let k = j - -45. What is the highest common divisor of 19 and k?
19
Let r be -11*(-2 - -1) - 0. Let h(v) = 4*v + 5*v**2 - 4 - 2*v**3 - 7*v**2 + 3*v**3. Let q be h(4). What is the greatest common divisor of r and q?
11
Let b(q) = -2*q - 5. Let k be b(-4). Let w be (-3)/(2/(-32)*k). What is the highest common factor of w and 16?
16
Suppose 3*k - 72 = -k. Suppose -3*c + 0*c = -486. Calculate the highest common factor of c and k.
18
Let f be (-2)/7 + 17*3/7. Let y(t) = -t - 22. Let a(w) = 7. Let q(p) = -7*a(p) - 2*y(p). Let c be q(f). Calculate the highest common factor of 9 and c.
9
Let p(b) = -b - 10. Let s(q) = -10. Let a(w) = -3*p(w) + 4*s(w). Let t = 112 + -106. Let r be a(t). What is the highest common factor of r and 64?
8
Let r(m) = 4*m**2 - m - 1. Suppose t + 2*t = -3. Let z be r(t). What is the greatest common factor of z and 2?
2
Let a be 1*(-5)/(5/(-8)). Let v(q) = 4*q**3 - 3*q**3 - 9*q + a*q**2 + 1 + 2. Let b be v(-9). Calculate the highest common divisor of b and 12.
3
Let o = -49 + 50. Calculate the greatest common divisor of o and 7.
1
Let g be (-45)/12*(-8)/2. What is the highest common divisor of 40 and g?
5
Suppose -5*m - 3*x = 2*x - 85, 0 = 3*x + 15. What is the highest common factor of m and 2?
2
Let f = 9 - 14. Let q = f + 32. What is the highest common divisor of q and 189?
27
Let z = -48 - -118. Let d(y) = 2*y**3 - 4*y**2 + 2*y. Let c be d(2). Suppose 48 = 5*l - a, -3*l + 3*a = -2*l - c. What is the greatest common factor of z and l?
10
Let y(m) be the first derivative of -m**4/4 + m**3 + 2*m**2 - 2*m + 1. Let o be y(3). Calculate the greatest common divisor of 15 and o.
5
Let m(i) = -42*i - 1. Let n be m(-2). Let w = n - -115. What is the highest common divisor of 18 and w?
18
Suppose -2*o = -77 + 21. Calculate the highest common divisor of 70 and o.
14
Suppose -o - 1 = -12. Let l be 93/(-2 - (1 + -4)). Suppose m - l = 5*c, -3*c = -3*m + 6*m - 261. What is the highest common factor of m and o?
11
Let c = -75 - -123. Suppose 2*d - d = 12. Calculate the greatest common divisor of c and d.
12
Suppose -52 = -z - 51. Calculate the greatest common factor of 1 and z.
1
Let k = -5 + -2. Let c(w) = -w**3 - 8*w**2 - 9*w. Let o be c(k). Calculate the greatest common factor of 14 and o.
14
Let i(d) = -20*d - 14. Let b be i(-7). Calculate the highest common divisor of b and 14.
14
Let d = 208 - -34. Calculate the greatest common divisor of 22 and d.
22
Let u be (42/(-24))/(3/(-24)). Suppose c - 30 = -9. Let d = 175 - c. What is the highest common factor of u and d?
14
Let l(b) be the third derivative of 23*b**5/60 + b**3/6 + 3*b**2. Let t be l(1). Calculate the highest common factor of t and 8.
8
Let b(g) = -g**2 - 7*g - 8. Let i(o) = 2*o + 1. Let z be i(-3). Let c be b(z). Calculate the highest common factor of 18 and c.
2
Let i(k) = -k - 3. Let x be i(-9). Suppose 158 = -2*o + 14. Let q = 102 + o. What is the greatest common factor of q and x?
6
Suppose -c + 0 + 14 = 0. Suppose 0 = -2*r - 3*r. Suppose 0*i + 3*i - 105 = r. What is the highest common factor of c and i?
7
Suppose -5*b = u - 1077, 504 + 153 = 3*b - 3*u. Calculate the greatest common divisor of b and 24.
24
Let q(f) = -9*f**2 - 9. Let p be q(-7). Let g be p/(-4)*(-8)/(-12). What is the highest common divisor of 30 and g?
15
Let t be -33*(-3)/9*1. What is the highest common divisor of t and 33?
11
Let v(h) = 3*h + 4. Let i be (-11)/3 + (-1)/3. Let q be v(i). Let g(k) = k**3 + 7*k**2 - 11*k + 1. Let b be g(q). What is the highest common divisor of b and 5?
5
Suppose -3*m = -5*d + 30, -4*d + 6*d - 2*m - 12 = 0. Let y be (1 + 2 + 0)*8. What is the highest common divisor of d and y?
6
Suppose 6 = 8*i - 7*i. Calculate the highest common divisor of i and 66.
6
Suppose -5*w + 124 - 36 = q, 3*w = 4*q + 62. Let x(o) = -6*o - 3. Let p be x(-2). Calculate the highest common factor of p and w.
9
Let h(k) = 14*k**2 + k + 1. Let q be h(-1). What is the highest common divisor of q and 140?
14
Suppose 4*g + 4*h = 28, -5*g + 7 + 31 = 4*h. Calculate the greatest common factor of g and 80.
10
Let u(r) = -r + 6 + r**3 - r**2 - 3 + 0*r**2. Let o(c) = -c**3 + c. Let i be o(0). Let v be u(i). Calculate the highest common factor of 27 and v.
3
Let f(s) = s**3 + 6*s**2 - 4*s - 9. Let x be f(-6). Suppose -225 = 9*p - 14*p. What is the greatest common factor of p and x?
15
Let o(f) = -f**3 + 0 - f + f**2 + 6 - 2*f**2. Let g be o(0). Let q be -10*-3*8/60. Calculate the greatest common factor of q and g.
2
Let l(f) = -f**2 + f + 1. Let p be l(-1). Let c be (15/(-9))/(p/9). Calculate the greatest common divisor of 3 and c.
3
Let f be 6/4 - (-670)/20. Calculate the highest common divisor of f and 175.
35
Let l = -232 - -568. Calculate the greatest common factor of l and 21.
21
Suppose -3*b = -7 - 5. Suppose -4*s = -7 - 13. Suppose -2*i + b*a + 9 = -5, 0 = s*i + 2*a - 83. Calculate the greatest common factor of i and 5.
5
Let c = 6 - 0. What is the highest common factor of c and 3?
3
Suppose -36 = z - 4*z. Calculate the highest common divisor of 96 and z.
12
Let i be 67 + 1 + (-1 - -1). Let d(h) = -h**3 - 9*h**2 + 13*h + 2. Let l be d(-10). Let q = l + i. What is the greatest common divisor of q and 4?
4
Let o(g) = 11*g - 1. Let v = 15 - 12. Let x be o(v). Let w be 1*8 + 0 - 0. What is the greatest common factor of x and w?
8
Let h be ((-3)/(-2))/((-9)/(-18))*49. Suppose 3*f - 4*f = -21. What is the highest common divisor of f and h?
21
Let z(j) = j - 1. Let d be z(3). Let k(s) = s**2 + 2*s. Let g be k(d). Calculate the highest common factor of 2 and g.
2
Let l = 8 + -6. Suppose -2*n = -n + 2*z - 167, -5*z = l*n - 337. Suppose -2*u + n + 21 = 3*b, 3*u - 258 = 3*b. Calculate the highest common divisor of u and 11.
11
Suppose -38 = -3*n + 151. Let z(t) be the first derivative of -t**4/4 - t**3/3 - t**2/2 - 1. Let o be z(-3). What is the highest common divisor of n and o?
21
Let o(k) = k**2 - 12*k + 8. Let b be o(11). Let m be (-6)/9 - 98/b. What is the greatest common divisor of m and 4?
4
Let y = 3 + 23. What is the highest common factor of 130 and y?
26
Suppose -4*j + 7*j = 0. Suppose -6*m + 3*m + 15 = 0. Suppose -5*z + l + j*l + 29 = 0, z - m*l - 1 = 0. Calculate